the prime factors of y?
2, 5
Suppose 4*u = -3*w + 8, -u + 0*u + w = -2. Suppose 0 = -5*s + 4*r, -s = 2*s - u*r. Suppose s = 4*x + 6 - 30. List the prime factors of x.
2, 3
Let p = -61 - -89. What are the prime factors of (-4 - -5) + p*1?
29
Let o = 20 - -14. What are the prime factors of o?
2, 17
What are the prime factors of 200 - -26 - (-10)/2?
3, 7, 11
Let x(q) = 2*q**2 - 16*q - 1. List the prime factors of x(9).
17
Suppose 0 = -3*l - 3*y - 36, -4*y - 9 = -1. Let m(v) = v**2 + 9*v + 8. What are the prime factors of m(l)?
2, 3
Let v be 80 + 2*2/(-4). Let f = v + -42. Suppose 0 = -5*w + u + f, 4*w + 6*u - 44 = 2*u. What are the prime factors of w?
2
Let g be 1*2 + 1 + 0. Let f = g + 2. Suppose -f*d + 2*t = 5*t - 45, -2*d + 18 = -t. What are the prime factors of d?
3
Suppose -148 - 329 = -5*r + y, -5*y - 273 = -3*r. List the prime factors of (r/30)/(1/5).
2
Let s = 4 + -1. Let d = 0 + s. Suppose 4*a - 6*l + l - 54 = 0, -a - 4*l + d = 0. What are the prime factors of a?
11
Let x(f) = -38*f - 4. List the prime factors of x(-4).
2, 37
Let v(k) = k**3 - 1. Let b be v(3). Suppose 3*q - b = -s + 7*q, 0 = 3*q - 3. List the prime factors of s.
2, 3, 5
Let h(n) = 2*n**3 - n**2 + n. Let y be h(1). Suppose -y*u + 30 + 28 = 0. Suppose 3*j - u = -4*l, 3*l = -j - 0*j + 18. What are the prime factors of l?
5
Let q be 1*4*(-40)/(-32). Suppose u = -5*o + 56, -8 = -q*u - 3. What are the prime factors of o?
11
Let j be 6/(-9)*-4*3. Let t = 1 + j. What are the prime factors of t?
3
Suppose 3*j = 10 - 4. Suppose j*c + 23 + 5 = 0. Let r = c + 25. What are the prime factors of r?
11
Suppose 3 = -5*j - i + 17, 2*i - 16 = -4*j. What are the prime factors of (0 + j - 3)*-6?
2, 3
Let q(i) = -i**3 + 5*i**2 - i + 6*i + i - 5. Let s be q(6). Let j = 12 + s. List the prime factors of j.
7
Let t(c) = -c**3 - 18*c**2 - 16*c + 17. Let o be t(-17). Suppose 4*q - 108 - 60 = o. List the prime factors of q.
2, 3, 7
Let q = 6 + -4. Suppose 2*o - f - 9 - 26 = 0, -20 = -2*o - q*f. What are the prime factors of o?
3, 5
Let t(f) be the second derivative of -5*f**3/2 + f**2/2 - 2*f. What are the prime factors of t(-1)?
2
Suppose -2 = q - 3, -5*d = 2*q - 327. What are the prime factors of d?
5, 13
Let r = 0 + 20. What are the prime factors of r?
2, 5
Suppose 51 = u + 4. What are the prime factors of u?
47
Suppose 2*x - 14 + 2 = 0. What are the prime factors of x?
2, 3
Suppose 2*r + t - 11 = 0, r - 5*r + 2 = -2*t. What are the prime factors of (r/((-9)/(-39)))/1?
13
Let x(b) = -10*b**2 - b - 1. Let y be x(-3). Let c = 125 + y. What are the prime factors of c?
37
Let a(s) = -s**3 - 3*s**2 - 4*s - 2. Let k be a(-2). Suppose k*m = 9*c - 5*c - 60, -3*c + 58 = 5*m. List the prime factors of c.
2
Let r be -8 + 6 - (-1 + 48). Let c = r - -76. What are the prime factors of c?
3
Let w(q) = -6*q - 9. Let c = -32 + 22. What are the prime factors of w(c)?
3, 17
Let v be -1 + -2 + 0 + 47. Suppose 5*q = -5*d + 35, 5*d + 2*q - v = -0*q. List the prime factors of d.
2, 5
Let c(d) = d**3 + 11*d**2 - 12*d + 11. Let p be c(-12). Let q = -1 - -8. Let b = p - q. List the prime factors of b.
2
Let k be 155 + (-3 + 2)*1. Let f = k - 104. What are the prime factors of f?
2, 5
Suppose -7 = -5*n + 4*n. Let z(u) be the second derivative of u**3/3 - 3*u**2 + 3*u. List the prime factors of z(n).
2
Suppose 4*m = 0, 4*z - 3*m + 4*m - 284 = 0. What are the prime factors of z?
71
Let g(y) = -y + 8. Let n be g(6). Suppose -5*p + 2*v + 3 = 0, -n*v = 4*p - 3*v. What are the prime factors of 6/(-4)*(p - 5)?
3
Suppose 3*h + 4 = -2, -3*h = -a + 28. List the prime factors of a.
2, 11
Let b(t) = 2*t**2 - t - 13. List the prime factors of b(-12).
7, 41
Let t(o) = -o**2 + 11*o + 4. Let q be t(9). Suppose 78 = 5*v + 3*b, -v - 8 = b - q. List the prime factors of v.
2, 3
Let y = 176 - 52. What are the prime factors of y?
2, 31
Let d be (15/(-10))/((-1)/14). Let b = -11 + d. What are the prime factors of b?
2, 5
Let k(m) = m - 6. Let o be k(6). Suppose -2*s = -o*s - 18. What are the prime factors of ((-30)/s)/(2/(-3))?
5
Let j(b) = -b**3 + 10*b**2 - 8*b + 1. Let o be j(9). Suppose f - 3*m = -m + o, 4*m + 24 = 4*f. What are the prime factors of (-69)/(-15) - f/(-5)?
5
Let r = 83 + -123. What are the prime factors of r/(6 + -2)*-1?
2, 5
Let d = 49 - 12. What are the prime factors of d?
37
Suppose -18 - 26 = -2*w + 3*c, 0 = 4*w + c - 102. What are the prime factors of w?
5
Suppose 5*j = -3*d + 48, -2*j - 3*j + 68 = -2*d. Suppose -5*p - 2 + j = 0. Let t = 14 - p. What are the prime factors of t?
2, 3
Suppose 336 = 4*p - 500. What are the prime factors of p?
11, 19
Suppose k + 2*k - 312 = 0. List the prime factors of k.
2, 13
Let t be (-7)/(-14)*(7 - -1). Suppose -w = 4*p - 18, -w + 114 = 4*w - t*p. What are the prime factors of w?
2, 11
Let n = -8 + 8. Suppose 6 = -k + 4*r, -3*r + 4 = -k - n*r. What are the prime factors of k?
2
Suppose -49 = 5*w - 169. Suppose 56 = 5*i + 4*a, 3*i = i - 2*a + w. List the prime factors of i.
2
Suppose 0 = 2*i + 2*i. Suppose i = -5*d + s + 28, d - 7 = -3*s + 5. What are the prime factors of d?
2, 3
Let k = 24 - 19. Suppose 0 = -k*s + 3*s + 14. List the prime factors of s.
7
Let x(f) = -11*f**3 + 3*f**2 - 3*f + 103. Let t(j) = 4*j**3 - j**2 + j - 34. Let v(u) = 8*t(u) + 3*x(u). List the prime factors of v(0).
37
Suppose x = 138 - 33. List the prime factors of x.
3, 5, 7
List the prime factors of -9*(3 + 34/(-6)).
2, 3
Suppose -5*d = -d - 316. What are the prime factors of d?
79
Suppose -4*t + 350 = -546. What are the prime factors of t?
2, 7
Let h be (1 - 1)/(2/(-2)). Let t(y) = -y**3 - 9*y**2 - 8*y + 4. Let q be t(-8). What are the prime factors of h + q + -2 + 10?
2, 3
Let n be (1/3)/(1/12). Let x be n*(-2)/(-12)*12. Suppose 3*m = 3*u + 21, 3*m = -u + x - 3. List the prime factors of m.
3
Let o(p) = -19*p + 32. What are the prime factors of o(-6)?
2, 73
What are the prime factors of (0 - 6/(-2)) + 199?
2, 101
Suppose -3*r + 2 = -13. Suppose -r*w = -6*w + 20. What are the prime factors of w?
2, 5
List the prime factors of ((-33)/(-2))/(5/10).
3, 11
Suppose 0*k + 4*k = 0. Suppose 2 = w - k. Suppose y - 6 = -w*y. What are the prime factors of y?
2
Let j = 22 + -20. List the prime factors of j.
2
Let u(y) = -y**3 + 7*y**2 + 9*y + 8. List the prime factors of u(5).
103
Suppose -2*x + 4 = -x. Suppose -u + 18 = x*y, 3*u - 3*y = 5*u - 16. Suppose 6 = u*s + a - 0, -4*a = 0. What are the prime factors of s?
3
Suppose 8*y + 140 = 13*y. List the prime factors of y.
2, 7
Let h(g) = 62*g**2. What are the prime factors of h(-1)?
2, 31
Let a(z) = z**3 - 5*z**2 - 3*z + 3. Let i be a(6). List the prime factors of (-7)/i - 110/(-6).
2, 3
Let d = 49 - 3. Suppose 2*w - 90 = d. Suppose f + 3*f - w = 0. List the prime factors of f.
17
Let m be 10/(-35) + (-18)/(-14). Let c = 31 + m. List the prime factors of c.
2
Let l(b) = -b**3 - 4*b**2 - 3*b + 4. Let v be l(-3). Suppose 0 = -2*x + v + 4. Suppose x*z - 54 = z. List the prime factors of z.
2, 3
Let o(a) = -a. Suppose -j = -0 - 3. Let m be o(j). List the prime factors of (-18)/m*3/6.
3
Let x(q) = -7*q - 3. Let j(d) be the third derivative of 7*d**4/24 + d**3/2 - 3*d**2. Let w(l) = -3*j(l) - 2*x(l). List the prime factors of w(-2).
11
Let k(i) be the second derivative of i**4/6 + i**3/6 + i**2 + 5*i. List the prime factors of k(2).
2, 3
Let k = 1 + -1. Let p be (k - 2) + 3 + -3. List the prime factors of (-10)/(-6) + p/(-6).
2
Let j = -29 + 6. What are the prime factors of j/(-2) + 1/(-2)?
11
Let h = 122 - 84. What are the prime factors of h?
2, 19
Let u(d) = -d**2 - 6*d. Let y be u(-6). Suppose y*z = 3*z. Let m(b) = b**2 - b + 9. What are the prime factors of m(z)?
3
Suppose -2*q - 60 + 300 = 0. Let j = q - 85. What are the prime factors of j?
5, 7
Suppose 0 = 3*q - 0*q - 9. Suppose 0*x - q*x = 0. Suppose 4*t - 48 = -x*t. What are the prime factors of t?
2, 3
Suppose v - 7 + 0 = -4*k, 0 = 2*k + 5*v + 19. Suppose -5 = k*n + 4. Let q = n + 10. List the prime factors of q.
7
Let v(o) = o**3 - 3*o**2 + 7*o - 5. Let i be v(5). Suppose -i = -4*t - 0*t. Suppose -3*z = -4*u - t, u = -2*u - 6. What are the prime factors of z?
2
Let k(r) be the first derivative of -r**5/20 - 7*r**4/12 - r**3/3 + 3*r + 3. Let m(w) be the first derivative of k(w). List the prime factors of m(-7).
2, 7